{"id":4451,"date":"2025-09-23T12:47:36","date_gmt":"2025-09-23T11:47:36","guid":{"rendered":"https:\/\/fiatfreemont.cz\/?page_id=4451"},"modified":"2025-12-09T11:56:15","modified_gmt":"2025-12-09T10:56:15","slug":"vanocni-sraz-2025","status":"publish","type":"page","link":"https:\/\/fiatfreemont.cz\/index.php\/vanocni-sraz-2025\/","title":{"rendered":"V\u00e1noce 2025"},"content":{"rendered":"\t\t<div data-elementor-type=\"wp-page\" data-elementor-id=\"4451\" class=\"elementor elementor-4451\">\n\t\t\t\t\t\t<section class=\"elementor-section elementor-top-section elementor-element elementor-element-ab18448 elementor-section-boxed elementor-section-height-default elementor-section-height-default\" data-id=\"ab18448\" data-element_type=\"section\" data-e-type=\"section\">\n\t\t\t\t\t\t<div class=\"elementor-container elementor-column-gap-default\">\n\t\t\t\t\t<div class=\"elementor-column elementor-col-100 elementor-top-column elementor-element elementor-element-5f9567f\" data-id=\"5f9567f\" data-element_type=\"column\" data-e-type=\"column\">\n\t\t\t<div class=\"elementor-widget-wrap elementor-element-populated\">\n\t\t\t\t\t\t<div class=\"elementor-element elementor-element-20364c0 elementor-widget elementor-widget-heading\" data-id=\"20364c0\" data-element_type=\"widget\" data-e-type=\"widget\" data-widget_type=\"heading.default\">\n\t\t\t\t<div class=\"elementor-widget-container\">\n\t\t\t\t\t<h1 class=\"elementor-heading-title elementor-size-default\">V\u00e1no\u010dn\u00ed sraz 2025<\/h1>\t\t\t\t<\/div>\n\t\t\t\t<\/div>\n\t\t\t\t\t<\/div>\n\t\t<\/div>\n\t\t\t\t\t<\/div>\n\t\t<\/section>\n\t\t\t\t<section class=\"elementor-section elementor-top-section elementor-element elementor-element-78b6824 elementor-section-boxed elementor-section-height-default elementor-section-height-default\" data-id=\"78b6824\" data-element_type=\"section\" data-e-type=\"section\">\n\t\t\t\t\t\t<div class=\"elementor-container elementor-column-gap-default\">\n\t\t\t\t\t<div class=\"elementor-column elementor-col-100 elementor-top-column elementor-element elementor-element-4fc42c2\" data-id=\"4fc42c2\" data-element_type=\"column\" data-e-type=\"column\">\n\t\t\t<div class=\"elementor-widget-wrap elementor-element-populated\">\n\t\t\t\t\t\t<div class=\"elementor-element elementor-element-5de2c27 elementor-widget elementor-widget-heading\" data-id=\"5de2c27\" data-element_type=\"widget\" data-e-type=\"widget\" data-widget_type=\"heading.default\">\n\t\t\t\t<div class=\"elementor-widget-container\">\n\t\t\t\t\t<h2 class=\"elementor-heading-title elementor-size-default\">13.12.2025 - T\u0159eb\u00ed\u010d<\/h2>\t\t\t\t<\/div>\n\t\t\t\t<\/div>\n\t\t\t\t\t<\/div>\n\t\t<\/div>\n\t\t\t\t\t<\/div>\n\t\t<\/section>\n\t\t\t\t<section class=\"elementor-section elementor-top-section elementor-element elementor-element-81f7b03 elementor-section-boxed elementor-section-height-default elementor-section-height-default\" data-id=\"81f7b03\" data-element_type=\"section\" data-e-type=\"section\">\n\t\t\t\t\t\t<div class=\"elementor-container elementor-column-gap-default\">\n\t\t\t\t\t<div class=\"elementor-column elementor-col-100 elementor-top-column elementor-element elementor-element-2a7348f\" data-id=\"2a7348f\" data-element_type=\"column\" data-e-type=\"column\">\n\t\t\t<div class=\"elementor-widget-wrap elementor-element-populated\">\n\t\t\t\t\t\t<div class=\"elementor-element elementor-element-d269335 elementor-widget elementor-widget-countdown-timer-widget\" data-id=\"d269335\" data-element_type=\"widget\" data-e-type=\"widget\" data-widget_type=\"countdown-timer-widget.default\">\n\t\t\t\t<div class=\"elementor-widget-container\">\n\t\t\t\t\t\t\t<div class=\"countdown-timer-widget\">\n\t\t    <div id=\"countdown-timer-d269335\" class=\"countdown-timer-init\"><\/div>\n\t\t\t<div id=\"finished-message-d269335\" class=\"finished-message\"><\/div>\n\t\t<\/div>\n\t\t<script>\n\t\t\tjQuery(function(){\t\t\t\t\n\t\t\t\tjQuery('#countdown-timer-d269335').countdowntimer({\n                    dateAndTime : \"2025\/12\/13 10:00\",\n                    regexpMatchFormat: \"([0-9]{1,3}):([0-9]{1,2}):([0-9]{1,2}):([0-9]{1,2})\",\n      \t\t\t\tregexpReplaceWith: \"<div class='countdown-items'><span class='ctw-digits'>$1<\/span><span class='ctw-label'>Dn\u00ed<\/span> <\/div> <div class='countdown-items'><span class='ctw-digits'>$2 <\/span><span class='ctw-label'>Hodin<\/span><\/div><div class='countdown-items'> <span class='ctw-digits'> $3 <\/span><span class='ctw-label'>Minut<\/span> <\/div><div class='countdown-items'><span class='ctw-digits'> $4<\/span><span class='ctw-label'>Vte\u0159in<\/span><\/div>\",\t\t\t\t\t\n\t\t\t\t\t\t\t\t\t\ttimeUp : timeisUp,\t\t\t\t\t\n\t\t\t\t\t                });\n\t\t\t\t\n\t\t\t\t\t\t\t\t\t\t\t\t\n\t\t\t\t\tfunction timeisUp(){\t\t\t\t\t\t\n\t\t\t\t\t\tjQuery(\"#finished-message-d269335\").html( \"<span>Sorry you are late!<\/span>\" );\n\t\t\t\t    }\n\t\t\t\t\t\t\t\t\t\n\t\t\t});\t\t    \n        <\/script>\n\t\t\t\t\t\t<\/div>\n\t\t\t\t<\/div>\n\t\t\t\t\t<\/div>\n\t\t<\/div>\n\t\t\t\t\t<\/div>\n\t\t<\/section>\n\t\t\t\t<section class=\"elementor-section elementor-top-section elementor-element elementor-element-28d0ec8 elementor-section-boxed elementor-section-height-default elementor-section-height-default\" data-id=\"28d0ec8\" data-element_type=\"section\" data-e-type=\"section\">\n\t\t\t\t\t\t<div class=\"elementor-container elementor-column-gap-default\">\n\t\t\t\t\t<div class=\"elementor-column elementor-col-100 elementor-top-column elementor-element elementor-element-dd3892d\" data-id=\"dd3892d\" data-element_type=\"column\" data-e-type=\"column\">\n\t\t\t<div class=\"elementor-widget-wrap elementor-element-populated\">\n\t\t\t\t\t\t<div class=\"elementor-element elementor-element-8029498 elementor-widget elementor-widget-text-editor\" data-id=\"8029498\" data-element_type=\"widget\" data-e-type=\"widget\" data-settings=\"{&quot;_animation&quot;:&quot;none&quot;}\" data-widget_type=\"text-editor.default\">\n\t\t\t\t<div class=\"elementor-widget-container\">\n\t\t\t\t\t\t\t\t\t<div>&nbsp;<\/div>\n<div class=\"xdj266r x14z9mp xat24cr x1lziwak x1vvkbs\">Zveme v\u00e1s na ka\u017edoro\u010dn\u00ed V\u00e1no\u010dn\u00ed sraz majitel\u016f a p\u0159\u00edznivc\u016f automobil\u016f Fiat Freemont (Dodge Journey), tentokr\u00e1t do m\u011bsta T\u0159eb\u00ed\u010d.<br>P\u0159ije\u010fte nas\u00e1t v\u00e1no\u010dn\u00ed atmosf\u00e9ru se spoustou v\u00e1no\u010dn\u00edch sv\u011bt\u00fdlek, pun\u010de a pohody a koup\u00e1n\u00ed.<\/div>\n<div class=\"x14z9mp xat24cr x1lziwak x1vvkbs xtlvy1s\">&nbsp;<\/div>\n<div class=\"x14z9mp xat24cr x1lziwak x1vvkbs xtlvy1s\">Program srazu &#8211;&nbsp; &nbsp; &nbsp; &#8211;&nbsp; &nbsp; sraz jako takov\u00fd za\u010d\u00edn\u00e1 v 16:00 :<\/div>\n<div>&nbsp;<\/div>\n<div class=\"x14z9mp xat24cr x1lziwak x1vvkbs xtlvy1s\">10:00 &#8211; <a href=\"https:\/\/www.tts.cz\/\" target=\"_blank\" rel=\"noopener\">Prohl\u00eddka Biomasov\u00e9 Tepl\u00e1rny, kter\u00e1 vyt\u00e1p\u00ed m\u011bsto T\u0159eb\u00ed\u010d za jednu z nejlevn\u011bj\u0161\u00edch cen v \u010cR&nbsp;<\/a><\/div>\n<div class=\"x14z9mp xat24cr x1lziwak x1vvkbs xtlvy1s\">12:00 &#8211; <a href=\"https:\/\/www.restaurace-lihovar.cz\/\" target=\"_blank\" rel=\"noopener\">Ob\u011bd<\/a><br class=\"html-br\">14:00 &#8211; <a href=\"https:\/\/www.lagunatrebic.cz\/\" target=\"_blank\" rel=\"noopener\">N\u00e1v\u0161t\u011bva AQUAPARKU &#8211; wellness&nbsp;<\/a><\/div>\n<div>nebo<\/div>\n<div>14:00 &#8211; <a href=\"https:\/\/www.alternator.cz\/\" target=\"_blank\" rel=\"noopener\">Ekotechnicn\u00e9 centrum Altern\u00e1tor<\/a><\/div>\n<div>nebo<\/div>\n<div>14:00 &#8211; <a href=\"https:\/\/www.muzeumtr.cz\/uvod\/zpravy\/1237\/tradicni-vanocni-vystava-betlemu\" target=\"_blank\" rel=\"noopener\">N\u00e1v\u0161t\u011bva v\u00fdstavy betl\u00e9m\u016f v T\u0159eb\u00ed\u010dsk\u00e9m z\u00e1mku<\/a><\/div>\n<div><strong>16:00 &#8211; Sraz \u016f\u010dastn\u00edk\u016f srazu &#8211; Focen\u00ed<\/strong><br><span style=\"font-size: 1rem;\">16:30 &#8211; Spanil\u00e1 j\u00edzda<\/span><\/div>\n<div class=\"x14z9mp xat24cr x1lziwak x1vvkbs xtlvy1s\">17:30 &#8211; Proch\u00e1zka v\u00e1no\u010dn\u00edm osv\u011btlen\u00edm, trhy, ve\u010de\u0159e<\/div>\n<div class=\"x14z9mp xat24cr x1lziwak x1vvkbs xtlvy1s\">&#8212;&#8212;<\/div>\n<div class=\"x14z9mp xat24cr x1lziwak x1vvkbs xtlvy1s\">23:00 &#8211; <a href=\"https:\/\/www.roxy-club.cz\/\" target=\"_blank\" rel=\"noopener\">N\u00e1v\u0161t\u011bva klubu ROXY T\u0159eb\u00ed\u010d<\/a><\/div>\n<div class=\"x14z9mp xat24cr x1lziwak x1vvkbs xtlvy1s\">\n<p>&#8211;:&#8211; &#8211; Ukon\u010den\u00ed V\u00e1no\u010dn\u00edho srazu.<\/p>\n<div class=\"x1i10hfl xjbqb8w x1ejq31n x18oe1m7 x1sy0etr xstzfhl x972fbf x10w94by x1qhh985 x14e42zd x9f619 x1ypdohk xt0psk2 x3ct3a4 xdj266r x14z9mp xat24cr x1lziwak xexx8yu xyri2b x18d9i69 x1c1uobl x16tdsg8 x1hl2dhg xggy1nq x1a2a7pz xkrqix3 x1sur9pj xzsf02u x1s688f\" tabindex=\"0\" role=\"button\">&nbsp;<\/div>\n<\/div>\t\t\t\t\t\t\t\t<\/div>\n\t\t\t\t<\/div>\n\t\t\t\t\t<\/div>\n\t\t<\/div>\n\t\t\t\t\t<\/div>\n\t\t<\/section>\n\t\t\t\t<section class=\"elementor-section elementor-top-section elementor-element elementor-element-0559925 elementor-section-content-middle elementor-section-boxed elementor-section-height-default elementor-section-height-default\" data-id=\"0559925\" data-element_type=\"section\" data-e-type=\"section\" id=\"mapa\">\n\t\t\t\t\t\t<div class=\"elementor-container elementor-column-gap-default\">\n\t\t\t\t\t<div class=\"elementor-column elementor-col-50 elementor-top-column elementor-element elementor-element-6e819db\" data-id=\"6e819db\" data-element_type=\"column\" data-e-type=\"column\">\n\t\t\t<div class=\"elementor-widget-wrap elementor-element-populated\">\n\t\t\t\t\t\t<div class=\"elementor-element elementor-element-d7e850c elementor-widget elementor-widget-text-editor\" data-id=\"d7e850c\" data-element_type=\"widget\" data-e-type=\"widget\" data-widget_type=\"text-editor.default\">\n\t\t\t\t<div class=\"elementor-widget-container\">\n\t\t\t\t\t\t\t\t\t<h3><strong>13.12.2025 <\/strong><\/h3><h3><strong>16:00<\/strong><\/h3><h3><strong>M\u00edsto srazu &#8211; P\u0159\u00edprava na Spanilou j\u00edzdu<\/strong><\/h3>\t\t\t\t\t\t\t\t<\/div>\n\t\t\t\t<\/div>\n\t\t\t\t\t<\/div>\n\t\t<\/div>\n\t\t\t\t<div class=\"elementor-column elementor-col-50 elementor-top-column elementor-element elementor-element-956a681\" data-id=\"956a681\" data-element_type=\"column\" data-e-type=\"column\">\n\t\t\t<div class=\"elementor-widget-wrap elementor-element-populated\">\n\t\t\t\t\t\t<div class=\"elementor-element elementor-element-7c13b62 elementor-widget elementor-widget-html\" data-id=\"7c13b62\" data-element_type=\"widget\" data-e-type=\"widget\" data-widget_type=\"html.default\">\n\t\t\t\t<div class=\"elementor-widget-container\">\n\t\t\t\t\t<iframe style=\"border:none\" src=\"https:\/\/mapy.com\/s\/rarofaneku\" width=\"500\" height=\"333\" frameborder=\"0\"><\/iframe>\t\t\t\t<\/div>\n\t\t\t\t<\/div>\n\t\t\t\t\t<\/div>\n\t\t<\/div>\n\t\t\t\t\t<\/div>\n\t\t<\/section>\n\t\t\t\t<section class=\"elementor-section elementor-top-section elementor-element elementor-element-cfaa390 elementor-section-boxed elementor-section-height-default elementor-section-height-default\" data-id=\"cfaa390\" data-element_type=\"section\" data-e-type=\"section\">\n\t\t\t\t\t\t<div class=\"elementor-container elementor-column-gap-default\">\n\t\t\t\t\t<div class=\"elementor-column elementor-col-100 elementor-top-column elementor-element elementor-element-89a6984\" data-id=\"89a6984\" data-element_type=\"column\" data-e-type=\"column\">\n\t\t\t<div class=\"elementor-widget-wrap elementor-element-populated\">\n\t\t\t\t\t\t<div class=\"elementor-element elementor-element-cf01108 elementor-widget elementor-widget-image\" data-id=\"cf01108\" data-element_type=\"widget\" data-e-type=\"widget\" data-widget_type=\"image.default\">\n\t\t\t\t<div class=\"elementor-widget-container\">\n\t\t\t\t\t\t\t\t\t\t\t\t\t\t\t<img fetchpriority=\"high\" decoding=\"async\" width=\"768\" height=\"444\" src=\"https:\/\/fiatfreemont.cz\/wp-content\/uploads\/2021\/11\/freemont-trebic-samolepka_facebook-768x444.png\" class=\"attachment-medium_large size-medium_large wp-image-4537\" alt=\"\" srcset=\"https:\/\/fiatfreemont.cz\/wp-content\/uploads\/2021\/11\/freemont-trebic-samolepka_facebook-768x444.png 768w, https:\/\/fiatfreemont.cz\/wp-content\/uploads\/2021\/11\/freemont-trebic-samolepka_facebook-300x174.png 300w, https:\/\/fiatfreemont.cz\/wp-content\/uploads\/2021\/11\/freemont-trebic-samolepka_facebook-1024x593.png 1024w, https:\/\/fiatfreemont.cz\/wp-content\/uploads\/2021\/11\/freemont-trebic-samolepka_facebook.png 1080w\" sizes=\"(max-width: 768px) 100vw, 768px\" \/>\t\t\t\t\t\t\t\t\t\t\t\t\t\t\t<\/div>\n\t\t\t\t<\/div>\n\t\t\t\t\t<\/div>\n\t\t<\/div>\n\t\t\t\t\t<\/div>\n\t\t<\/section>\n\t\t\t\t<\/div>\n\t\t","protected":false},"excerpt":{"rendered":"<p>V\u00e1no\u010dn\u00ed sraz 2025 13.12.2025 &#8211; T\u0159eb\u00ed\u010d &nbsp; Zveme v\u00e1s na ka\u017edoro\u010dn\u00ed V\u00e1no\u010dn\u00ed sraz majitel\u016f a p\u0159\u00edznivc\u016f automobil\u016f Fiat Freemont (Dodge Journey), tentokr\u00e1t do m\u011bsta T\u0159eb\u00ed\u010d.P\u0159ije\u010fte nas\u00e1t v\u00e1no\u010dn\u00ed atmosf\u00e9ru se spoustou v\u00e1no\u010dn\u00edch sv\u011bt\u00fdlek, pun\u010de a pohody a koup\u00e1n\u00ed. &nbsp; Program srazu &#8211;&nbsp; &nbsp; &nbsp; &#8211;&nbsp; &nbsp; sraz jako takov\u00fd za\u010d\u00edn\u00e1 v 16:00 : &nbsp; 10:00 &#8211; [&hellip;]<\/p>\n","protected":false},"author":1,"featured_media":0,"parent":0,"menu_order":0,"comment_status":"closed","ping_status":"closed","template":"","meta":{"site-sidebar-layout":"no-sidebar","site-content-layout":"page-builder","ast-site-content-layout":"full-width-container","site-content-style":"default","site-sidebar-style":"default","ast-global-header-display":"","ast-banner-title-visibility":"","ast-main-header-display":"","ast-hfb-above-header-display":"","ast-hfb-below-header-display":"","ast-hfb-mobile-header-display":"","site-post-title":"disabled","ast-breadcrumbs-content":"","ast-featured-img":"disabled","footer-sml-layout":"","ast-disable-related-posts":"","theme-transparent-header-meta":"default","adv-header-id-meta":"","stick-header-meta":"","header-above-stick-meta":"","header-main-stick-meta":"","header-below-stick-meta":"","astra-migrate-meta-layouts":"set","ast-page-background-enabled":"default","ast-page-background-meta":{"desktop":{"background-color":"var(--ast-global-color-4)","background-image":"","background-repeat":"repeat","background-position":"center center","background-size":"auto","background-attachment":"scroll","background-type":"","background-media":"","overlay-type":"","overlay-color":"","overlay-opacity":"","overlay-gradient":""},"tablet":{"background-color":"","background-image":"","background-repeat":"repeat","background-position":"center center","background-size":"auto","background-attachment":"scroll","background-type":"","background-media":"","overlay-type":"","overlay-color":"","overlay-opacity":"","overlay-gradient":""},"mobile":{"background-color":"","background-image":"","background-repeat":"repeat","background-position":"center center","background-size":"auto","background-attachment":"scroll","background-type":"","background-media":"","overlay-type":"","overlay-color":"","overlay-opacity":"","overlay-gradient":""}},"ast-content-background-meta":{"desktop":{"background-color":"var(--ast-global-color-5)","background-image":"","background-repeat":"repeat","background-position":"center center","background-size":"auto","background-attachment":"scroll","background-type":"","background-media":"","overlay-type":"","overlay-color":"","overlay-opacity":"","overlay-gradient":""},"tablet":{"background-color":"var(--ast-global-color-5)","background-image":"","background-repeat":"repeat","background-position":"center center","background-size":"auto","background-attachment":"scroll","background-type":"","background-media":"","overlay-type":"","overlay-color":"","overlay-opacity":"","overlay-gradient":""},"mobile":{"background-color":"var(--ast-global-color-5)","background-image":"","background-repeat":"repeat","background-position":"center center","background-size":"auto","background-attachment":"scroll","background-type":"","background-media":"","overlay-type":"","overlay-color":"","overlay-opacity":"","overlay-gradient":""}},"footnotes":""},"class_list":["post-4451","page","type-page","status-publish","hentry"],"jetpack_sharing_enabled":true,"_links":{"self":[{"href":"https:\/\/fiatfreemont.cz\/index.php\/wp-json\/wp\/v2\/pages\/4451","targetHints":{"allow":["GET"]}}],"collection":[{"href":"https:\/\/fiatfreemont.cz\/index.php\/wp-json\/wp\/v2\/pages"}],"about":[{"href":"https:\/\/fiatfreemont.cz\/index.php\/wp-json\/wp\/v2\/types\/page"}],"author":[{"embeddable":true,"href":"https:\/\/fiatfreemont.cz\/index.php\/wp-json\/wp\/v2\/users\/1"}],"replies":[{"embeddable":true,"href":"https:\/\/fiatfreemont.cz\/index.php\/wp-json\/wp\/v2\/comments?post=4451"}],"version-history":[{"count":35,"href":"https:\/\/fiatfreemont.cz\/index.php\/wp-json\/wp\/v2\/pages\/4451\/revisions"}],"predecessor-version":[{"id":4738,"href":"https:\/\/fiatfreemont.cz\/index.php\/wp-json\/wp\/v2\/pages\/4451\/revisions\/4738"}],"wp:attachment":[{"href":"https:\/\/fiatfreemont.cz\/index.php\/wp-json\/wp\/v2\/media?parent=4451"}],"curies":[{"name":"wp","href":"https:\/\/api.w.org\/{rel}","templated":true}]}}