{"id":4447,"date":"2025-09-23T12:33:20","date_gmt":"2025-09-23T11:33:20","guid":{"rendered":"https:\/\/fiatfreemont.cz\/?page_id=4447"},"modified":"2026-03-22T00:02:10","modified_gmt":"2026-03-21T23:02:10","slug":"letni-sraz-2026","status":"publish","type":"page","link":"https:\/\/fiatfreemont.cz\/index.php\/letni-sraz-2026\/","title":{"rendered":"Letn\u00ed Sraz 2026"},"content":{"rendered":"\t\t<div data-elementor-type=\"wp-page\" data-elementor-id=\"4447\" class=\"elementor elementor-4447\">\n\t\t\t\t\t\t<section class=\"elementor-section elementor-top-section elementor-element elementor-element-cb3fa4f elementor-section-boxed elementor-section-height-default elementor-section-height-default\" data-id=\"cb3fa4f\" data-element_type=\"section\" data-e-type=\"section\">\n\t\t\t\t\t\t<div class=\"elementor-container elementor-column-gap-default\">\n\t\t\t\t\t<div class=\"elementor-column elementor-col-100 elementor-top-column elementor-element elementor-element-3c663f4\" data-id=\"3c663f4\" data-element_type=\"column\" data-e-type=\"column\">\n\t\t\t<div class=\"elementor-widget-wrap elementor-element-populated\">\n\t\t\t\t\t\t<div class=\"elementor-element elementor-element-4b1d22c elementor-widget elementor-widget-heading\" data-id=\"4b1d22c\" data-element_type=\"widget\" data-e-type=\"widget\" data-widget_type=\"heading.default\">\n\t\t\t\t<div class=\"elementor-widget-container\">\n\t\t\t\t\t<h1 class=\"elementor-heading-title elementor-size-default\">Letn\u00ed sraz 2026<\/h1>\t\t\t\t<\/div>\n\t\t\t\t<\/div>\n\t\t\t\t\t<\/div>\n\t\t<\/div>\n\t\t\t\t\t<\/div>\n\t\t<\/section>\n\t\t\t\t<section class=\"elementor-section elementor-top-section elementor-element elementor-element-21287ef elementor-section-boxed elementor-section-height-default elementor-section-height-default\" data-id=\"21287ef\" data-element_type=\"section\" data-e-type=\"section\">\n\t\t\t\t\t\t<div class=\"elementor-container elementor-column-gap-default\">\n\t\t\t\t\t<div class=\"elementor-column elementor-col-100 elementor-top-column elementor-element elementor-element-101696f\" data-id=\"101696f\" data-element_type=\"column\" data-e-type=\"column\">\n\t\t\t<div class=\"elementor-widget-wrap elementor-element-populated\">\n\t\t\t\t\t\t<div class=\"elementor-element elementor-element-862a3c6 elementor-widget elementor-widget-heading\" data-id=\"862a3c6\" data-element_type=\"widget\" data-e-type=\"widget\" data-widget_type=\"heading.default\">\n\t\t\t\t<div class=\"elementor-widget-container\">\n\t\t\t\t\t<h2 class=\"elementor-heading-title elementor-size-default\">12.6. - 14.6. 2026<\/h2>\t\t\t\t<\/div>\n\t\t\t\t<\/div>\n\t\t\t\t\t<\/div>\n\t\t<\/div>\n\t\t\t\t\t<\/div>\n\t\t<\/section>\n\t\t\t\t<section class=\"elementor-section elementor-top-section elementor-element elementor-element-2132d45 elementor-section-boxed elementor-section-height-default elementor-section-height-default\" data-id=\"2132d45\" data-element_type=\"section\" data-e-type=\"section\">\n\t\t\t\t\t\t<div class=\"elementor-container elementor-column-gap-default\">\n\t\t\t\t\t<div class=\"elementor-column elementor-col-100 elementor-top-column elementor-element elementor-element-f742799\" data-id=\"f742799\" data-element_type=\"column\" data-e-type=\"column\">\n\t\t\t<div class=\"elementor-widget-wrap elementor-element-populated\">\n\t\t\t\t\t\t<div class=\"elementor-element elementor-element-1980193 elementor-widget elementor-widget-text-editor\" data-id=\"1980193\" data-element_type=\"widget\" data-e-type=\"widget\" data-widget_type=\"text-editor.default\">\n\t\t\t\t<div class=\"elementor-widget-container\">\n\t\t\t\t\t\t\t\t\t<p style=\"text-align: center;\"><strong>R\u00e1di bychom V\u00e1s pozvali na ji\u017e p\u00e1t\u00fd letn\u00ed sraz na\u0161\u00ed Freemont skupiny (rodiny). Tentokr\u00e1t v autocampu Fousek u Sob\u011bslavi.<\/strong><\/p>\t\t\t\t\t\t\t\t<\/div>\n\t\t\t\t<\/div>\n\t\t\t\t\t<\/div>\n\t\t<\/div>\n\t\t\t\t\t<\/div>\n\t\t<\/section>\n\t\t\t\t<section class=\"elementor-section elementor-top-section elementor-element elementor-element-9ebb779 elementor-section-boxed elementor-section-height-default elementor-section-height-default\" data-id=\"9ebb779\" data-element_type=\"section\" data-e-type=\"section\">\n\t\t\t\t\t\t<div class=\"elementor-container elementor-column-gap-default\">\n\t\t\t\t\t<div class=\"elementor-column elementor-col-100 elementor-top-column elementor-element elementor-element-687c66a\" data-id=\"687c66a\" data-element_type=\"column\" data-e-type=\"column\">\n\t\t\t<div class=\"elementor-widget-wrap elementor-element-populated\">\n\t\t\t\t\t\t<div class=\"elementor-element elementor-element-7759310 elementor-widget elementor-widget-heading\" data-id=\"7759310\" data-element_type=\"widget\" data-e-type=\"widget\" data-widget_type=\"heading.default\">\n\t\t\t\t<div class=\"elementor-widget-container\">\n\t\t\t\t\t<h2 class=\"elementor-heading-title elementor-size-default\"><a href=\"https:\/\/fiatfreemont.cz\/index.php\/kategorie-produktu\/letni-sraz-2026-rezervace-ubytovani\/\">Ubytov\u00e1n\u00ed si m\u016f\u017eete zarezervovat zde platbou z\u00e1lohy.<\/a><\/h2>\t\t\t\t<\/div>\n\t\t\t\t<\/div>\n\t\t\t\t\t<\/div>\n\t\t<\/div>\n\t\t\t\t\t<\/div>\n\t\t<\/section>\n\t\t\t\t<section class=\"elementor-section elementor-top-section elementor-element elementor-element-05b8a44 elementor-section-boxed elementor-section-height-default elementor-section-height-default\" data-id=\"05b8a44\" data-element_type=\"section\" data-e-type=\"section\">\n\t\t\t\t\t\t<div class=\"elementor-container elementor-column-gap-default\">\n\t\t\t\t\t<div class=\"elementor-column elementor-col-100 elementor-top-column elementor-element elementor-element-8c2f4c1\" data-id=\"8c2f4c1\" data-element_type=\"column\" data-e-type=\"column\">\n\t\t\t<div class=\"elementor-widget-wrap elementor-element-populated\">\n\t\t\t\t\t\t<div class=\"elementor-element elementor-element-a44c921 elementor-widget elementor-widget-heading\" data-id=\"a44c921\" data-element_type=\"widget\" data-e-type=\"widget\" data-widget_type=\"heading.default\">\n\t\t\t\t<div class=\"elementor-widget-container\">\n\t\t\t\t\t<h1 class=\"elementor-heading-title elementor-size-default\"><a href=\"https:\/\/www.kempfousek.cz\/\" target=\"_blank\">Kemp Fousek u Sob\u011bslavi<\/a><\/h1>\t\t\t\t<\/div>\n\t\t\t\t<\/div>\n\t\t\t\t<div class=\"elementor-element elementor-element-181f27f elementor-widget elementor-widget-image\" data-id=\"181f27f\" data-element_type=\"widget\" data-e-type=\"widget\" data-widget_type=\"image.default\">\n\t\t\t\t<div class=\"elementor-widget-container\">\n\t\t\t\t\t\t\t\t\t\t\t\t\t\t\t<img fetchpriority=\"high\" decoding=\"async\" width=\"1024\" height=\"725\" src=\"https:\/\/fiatfreemont.cz\/wp-content\/uploads\/2025\/10\/planekkempuOK-1024x725.png\" class=\"attachment-large size-large wp-image-4487\" alt=\"\" srcset=\"https:\/\/fiatfreemont.cz\/wp-content\/uploads\/2025\/10\/planekkempuOK-1024x725.png 1024w, https:\/\/fiatfreemont.cz\/wp-content\/uploads\/2025\/10\/planekkempuOK-300x212.png 300w, https:\/\/fiatfreemont.cz\/wp-content\/uploads\/2025\/10\/planekkempuOK-768x543.png 768w, https:\/\/fiatfreemont.cz\/wp-content\/uploads\/2025\/10\/planekkempuOK-1536x1087.png 1536w, https:\/\/fiatfreemont.cz\/wp-content\/uploads\/2025\/10\/planekkempuOK-2048x1449.png 2048w\" sizes=\"(max-width: 1024px) 100vw, 1024px\" \/>\t\t\t\t\t\t\t\t\t\t\t\t\t\t\t<\/div>\n\t\t\t\t<\/div>\n\t\t\t\t\t<\/div>\n\t\t<\/div>\n\t\t\t\t\t<\/div>\n\t\t<\/section>\n\t\t\t\t<section class=\"elementor-section elementor-top-section elementor-element elementor-element-e373dff elementor-section-boxed elementor-section-height-default elementor-section-height-default\" data-id=\"e373dff\" data-element_type=\"section\" data-e-type=\"section\">\n\t\t\t\t\t\t<div class=\"elementor-container elementor-column-gap-default\">\n\t\t\t\t\t<div class=\"elementor-column elementor-col-100 elementor-top-column elementor-element elementor-element-7535d60\" data-id=\"7535d60\" data-element_type=\"column\" data-e-type=\"column\">\n\t\t\t<div class=\"elementor-widget-wrap elementor-element-populated\">\n\t\t\t\t\t\t<div class=\"elementor-element elementor-element-a0da878 elementor-widget elementor-widget-image\" data-id=\"a0da878\" data-element_type=\"widget\" data-e-type=\"widget\" data-widget_type=\"image.default\">\n\t\t\t\t<div class=\"elementor-widget-container\">\n\t\t\t\t\t\t\t\t\t\t\t\t\t\t\t<img decoding=\"async\" width=\"1024\" height=\"683\" src=\"https:\/\/fiatfreemont.cz\/wp-content\/uploads\/2026\/01\/freemont2026-vyprodano-1024x683.jpg\" class=\"attachment-large size-large wp-image-4776\" alt=\"\" srcset=\"https:\/\/fiatfreemont.cz\/wp-content\/uploads\/2026\/01\/freemont2026-vyprodano-1024x683.jpg 1024w, https:\/\/fiatfreemont.cz\/wp-content\/uploads\/2026\/01\/freemont2026-vyprodano-300x200.jpg 300w, https:\/\/fiatfreemont.cz\/wp-content\/uploads\/2026\/01\/freemont2026-vyprodano-768x512.jpg 768w, https:\/\/fiatfreemont.cz\/wp-content\/uploads\/2026\/01\/freemont2026-vyprodano.jpg 1536w\" sizes=\"(max-width: 1024px) 100vw, 1024px\" \/>\t\t\t\t\t\t\t\t\t\t\t\t\t\t\t<\/div>\n\t\t\t\t<\/div>\n\t\t\t\t\t<\/div>\n\t\t<\/div>\n\t\t\t\t\t<\/div>\n\t\t<\/section>\n\t\t\t\t<section class=\"elementor-section elementor-top-section elementor-element elementor-element-6332e2b elementor-section-boxed elementor-section-height-default elementor-section-height-default\" data-id=\"6332e2b\" data-element_type=\"section\" data-e-type=\"section\">\n\t\t\t\t\t\t<div class=\"elementor-container elementor-column-gap-default\">\n\t\t\t\t\t<div class=\"elementor-column elementor-col-100 elementor-top-column elementor-element elementor-element-03c956f\" data-id=\"03c956f\" data-element_type=\"column\" data-e-type=\"column\">\n\t\t\t<div class=\"elementor-widget-wrap elementor-element-populated\">\n\t\t\t\t\t\t<div class=\"elementor-element elementor-element-ce37727 elementor-widget elementor-widget-heading\" data-id=\"ce37727\" data-element_type=\"widget\" data-e-type=\"widget\" data-widget_type=\"heading.default\">\n\t\t\t\t<div class=\"elementor-widget-container\">\n\t\t\t\t\t<h2 class=\"elementor-heading-title elementor-size-default\"><a href=\"https:\/\/www.kempfousek.cz\/cenik\/#chatky-mimo\" target=\"_blank\">\u0158\u00edd\u00edme se cen\u00edkem kempu kter\u00fd naleznete zde..<\/a><\/h2>\t\t\t\t<\/div>\n\t\t\t\t<\/div>\n\t\t\t\t\t<\/div>\n\t\t<\/div>\n\t\t\t\t\t<\/div>\n\t\t<\/section>\n\t\t\t\t<section class=\"elementor-section elementor-top-section elementor-element elementor-element-32f6666 elementor-section-boxed elementor-section-height-default elementor-section-height-default\" data-id=\"32f6666\" data-element_type=\"section\" data-e-type=\"section\">\n\t\t\t\t\t\t<div class=\"elementor-container elementor-column-gap-default\">\n\t\t\t\t\t<div class=\"elementor-column elementor-col-100 elementor-top-column elementor-element elementor-element-b187b00\" data-id=\"b187b00\" data-element_type=\"column\" data-e-type=\"column\">\n\t\t\t<div class=\"elementor-widget-wrap\">\n\t\t\t\t\t\t\t<\/div>\n\t\t<\/div>\n\t\t\t\t\t<\/div>\n\t\t<\/section>\n\t\t\t\t<section class=\"elementor-section elementor-top-section elementor-element elementor-element-58ad0db elementor-section-boxed elementor-section-height-default elementor-section-height-default\" data-id=\"58ad0db\" data-element_type=\"section\" data-e-type=\"section\">\n\t\t\t\t\t\t<div class=\"elementor-container elementor-column-gap-default\">\n\t\t\t\t\t<div class=\"elementor-column elementor-col-50 elementor-top-column elementor-element elementor-element-0f55d89\" data-id=\"0f55d89\" data-element_type=\"column\" data-e-type=\"column\">\n\t\t\t<div class=\"elementor-widget-wrap elementor-element-populated\">\n\t\t\t\t\t\t<div class=\"elementor-element elementor-element-5d1ad2b elementor-widget elementor-widget-text-editor\" data-id=\"5d1ad2b\" data-element_type=\"widget\" data-e-type=\"widget\" data-widget_type=\"text-editor.default\">\n\t\t\t\t<div class=\"elementor-widget-container\">\n\t\t\t\t\t\t\t\t\t<h2 class=\"mb-4\" style=\"text-align: center;\">Cena Ubytov\u00e1n\u00ed v chatk\u00e1ch<\/h2><div style=\"text-align: center;\"><span style=\"color: #212529; font-family: system-ui, -apple-system, 'Segoe UI', Roboto, 'Helvetica Neue', 'Noto Sans', 'Liberation Sans', Arial, sans-serif, 'Apple Color Emoji', 'Segoe UI Emoji', 'Segoe UI Symbol', 'Noto Color Emoji'; font-size: 19.2px; background-color: #ffffff;\">1.500 K\u010d \/ noc<\/span><\/div><p><strong>V dob\u011b po\u0159\u00e1d\u00e1n\u00ed srazu\u00a0 pobyt min 2 noci .<\/strong><\/p><p>N\u00e1stup na pobyt v den p\u0159\u00edjezdu nejd\u0159\u00edve od 14:00. Ukon\u010den\u00ed pobytu v den odjezdu nejpozd\u011bji do 10.00 hod.<\/p>\t\t\t\t\t\t\t\t<\/div>\n\t\t\t\t<\/div>\n\t\t\t\t\t<\/div>\n\t\t<\/div>\n\t\t\t\t<div class=\"elementor-column elementor-col-50 elementor-top-column elementor-element elementor-element-037c699\" data-id=\"037c699\" data-element_type=\"column\" data-e-type=\"column\">\n\t\t\t<div class=\"elementor-widget-wrap elementor-element-populated\">\n\t\t\t\t\t\t<div class=\"elementor-element elementor-element-c4b5e93 elementor-widget elementor-widget-text-editor\" data-id=\"c4b5e93\" data-element_type=\"widget\" data-e-type=\"widget\" data-widget_type=\"text-editor.default\">\n\t\t\t\t<div class=\"elementor-widget-container\">\n\t\t\t\t\t\t\t\t\t<p>&#8211; v cen\u011b 2x l\u016f\u017ekoviny, \u00faklid, spot\u0159eba vody, elekt\u0159iny<br \/>&#8211; ka\u017ed\u00e9 dal\u0161\u00ed l\u016f\u017ekoviny za p\u0159\u00edplatek 140 K\u010d\/ks nebo vlastn\u00ed<br \/>&#8211; cena neobsahuje parkovn\u00e9 a poplatek obci<\/p>\t\t\t\t\t\t\t\t<\/div>\n\t\t\t\t<\/div>\n\t\t\t\t\t<\/div>\n\t\t<\/div>\n\t\t\t\t\t<\/div>\n\t\t<\/section>\n\t\t\t\t<section class=\"elementor-section elementor-top-section elementor-element elementor-element-6f929e2 elementor-section-boxed elementor-section-height-default elementor-section-height-default\" data-id=\"6f929e2\" data-element_type=\"section\" data-e-type=\"section\">\n\t\t\t\t\t\t<div class=\"elementor-container elementor-column-gap-default\">\n\t\t\t\t\t<div class=\"elementor-column elementor-col-100 elementor-top-column elementor-element elementor-element-deaf601\" data-id=\"deaf601\" data-element_type=\"column\" data-e-type=\"column\">\n\t\t\t<div class=\"elementor-widget-wrap elementor-element-populated\">\n\t\t\t\t\t\t<div class=\"elementor-element elementor-element-8be82ca elementor-widget-divider--view-line elementor-widget elementor-widget-divider\" data-id=\"8be82ca\" data-element_type=\"widget\" data-e-type=\"widget\" data-widget_type=\"divider.default\">\n\t\t\t\t<div class=\"elementor-widget-container\">\n\t\t\t\t\t\t\t<div class=\"elementor-divider\">\n\t\t\t<span class=\"elementor-divider-separator\">\n\t\t\t\t\t\t<\/span>\n\t\t<\/div>\n\t\t\t\t\t\t<\/div>\n\t\t\t\t<\/div>\n\t\t\t\t\t<\/div>\n\t\t<\/div>\n\t\t\t\t\t<\/div>\n\t\t<\/section>\n\t\t\t\t<section class=\"elementor-section elementor-top-section elementor-element elementor-element-733b820 elementor-section-boxed elementor-section-height-default elementor-section-height-default\" data-id=\"733b820\" data-element_type=\"section\" data-e-type=\"section\">\n\t\t\t\t\t\t<div class=\"elementor-container elementor-column-gap-default\">\n\t\t\t\t\t<div class=\"elementor-column elementor-col-50 elementor-top-column elementor-element elementor-element-d1868c8\" data-id=\"d1868c8\" data-element_type=\"column\" data-e-type=\"column\">\n\t\t\t<div class=\"elementor-widget-wrap elementor-element-populated\">\n\t\t\t\t\t\t<div class=\"elementor-element elementor-element-f4504d1 elementor-widget elementor-widget-text-editor\" data-id=\"f4504d1\" data-element_type=\"widget\" data-e-type=\"widget\" data-widget_type=\"text-editor.default\">\n\t\t\t\t<div class=\"elementor-widget-container\">\n\t\t\t\t\t\t\t\t\t<h2 class=\"mb-4\">M\u00edstn\u00ed karavany<\/h2><div style=\"text-align: center;\">1 osoba:300\/noc &#8211; 2 osoby:400\/noc &#8211; 3 osoby:500\/noc &#8211; 4.osoby:600\/noc<\/div><p>Karavany jsou star\u0161\u00edho typu, disponuj\u00ed v\u017edy 4 l\u016f\u017eky. K dispozici terasa s posezen\u00edm, n\u00e1dob\u00ed, varn\u00e1 konvice, va\u0159i\u010d, lednice.<\/p><p>Karavany nemaj\u00ed vlastn\u00ed p\u0159\u00edvod vody ani vlastn\u00ed soci\u00e1ln\u00ed z\u00e1zem\u00ed. V\u0161e se nach\u00e1z\u00ed naproti v t\u011bsn\u00e9 bl\u00edzkosti.<\/p>\t\t\t\t\t\t\t\t<\/div>\n\t\t\t\t<\/div>\n\t\t\t\t\t<\/div>\n\t\t<\/div>\n\t\t\t\t<div class=\"elementor-column elementor-col-50 elementor-top-column elementor-element elementor-element-5ce0e34\" data-id=\"5ce0e34\" data-element_type=\"column\" data-e-type=\"column\">\n\t\t\t<div class=\"elementor-widget-wrap elementor-element-populated\">\n\t\t\t\t\t\t<div class=\"elementor-element elementor-element-3d5efca elementor-widget elementor-widget-text-editor\" data-id=\"3d5efca\" data-element_type=\"widget\" data-e-type=\"widget\" data-widget_type=\"text-editor.default\">\n\t\t\t\t<div class=\"elementor-widget-container\">\n\t\t\t\t\t\t\t\t\t<p><span style=\"font-style: inherit; font-weight: inherit;\">\u00a0&#8211; k cen\u011b je nutno p\u0159ipo\u010d\u00edtat spot\u0159ebu energie 10 K\u010d \/ kWh.<\/span><\/p><p>\u00a0&#8211; mo\u017enost vyu\u017e\u00edv\u00e1n\u00ed slu\u017eeb ze sekce Slu\u017eby chatky.<\/p><p>&#8211; cena neobsahuje parkovn\u00e9 a poplatek obci Dr\u00e1chov<\/p>\t\t\t\t\t\t\t\t<\/div>\n\t\t\t\t<\/div>\n\t\t\t\t\t<\/div>\n\t\t<\/div>\n\t\t\t\t\t<\/div>\n\t\t<\/section>\n\t\t\t\t<section class=\"elementor-section elementor-top-section elementor-element elementor-element-38d2143 elementor-section-boxed elementor-section-height-default elementor-section-height-default\" data-id=\"38d2143\" data-element_type=\"section\" data-e-type=\"section\">\n\t\t\t\t\t\t<div class=\"elementor-container elementor-column-gap-default\">\n\t\t\t\t\t<div class=\"elementor-column elementor-col-50 elementor-top-column elementor-element elementor-element-2d0b645\" data-id=\"2d0b645\" data-element_type=\"column\" data-e-type=\"column\">\n\t\t\t<div class=\"elementor-widget-wrap elementor-element-populated\">\n\t\t\t\t\t\t<div class=\"elementor-element elementor-element-3c3dce6 elementor-widget elementor-widget-text-editor\" data-id=\"3c3dce6\" data-element_type=\"widget\" data-e-type=\"widget\" data-widget_type=\"text-editor.default\">\n\t\t\t\t<div class=\"elementor-widget-container\">\n\t\t\t\t\t\t\t\t\t<h5 style=\"text-align: center;\">Kemp Fousek se nach\u00e1z\u00ed u \u0159eky Lu\u017enice mezi n\u011bkolika rybn\u00edky.<\/h5>\t\t\t\t\t\t\t\t<\/div>\n\t\t\t\t<\/div>\n\t\t\t\t\t<\/div>\n\t\t<\/div>\n\t\t\t\t<div class=\"elementor-column elementor-col-50 elementor-top-column elementor-element elementor-element-46cd255\" data-id=\"46cd255\" data-element_type=\"column\" data-e-type=\"column\">\n\t\t\t<div class=\"elementor-widget-wrap elementor-element-populated\">\n\t\t\t\t\t\t<div class=\"elementor-element elementor-element-e955288 elementor-widget elementor-widget-shortcode\" data-id=\"e955288\" data-element_type=\"widget\" data-e-type=\"widget\" data-widget_type=\"shortcode.default\">\n\t\t\t\t<div class=\"elementor-widget-container\">\n\t\t\t\t\t\t\t<div class=\"elementor-shortcode\"><iframe style=\"border:none\" src=\"https:\/\/mapy.com\/s\/dozepelose\" width=\"400\" height=\"280\" frameborder=\"0\"><\/iframe><\/div>\n\t\t\t\t\t\t<\/div>\n\t\t\t\t<\/div>\n\t\t\t\t\t<\/div>\n\t\t<\/div>\n\t\t\t\t\t<\/div>\n\t\t<\/section>\n\t\t\t\t<\/div>\n\t\t","protected":false},"excerpt":{"rendered":"<p>Letn\u00ed sraz 2026 12.6. &#8211; 14.6. 2026 R\u00e1di bychom V\u00e1s pozvali na ji\u017e p\u00e1t\u00fd letn\u00ed sraz na\u0161\u00ed Freemont skupiny (rodiny). Tentokr\u00e1t v autocampu Fousek u Sob\u011bslavi. Ubytov\u00e1n\u00ed si m\u016f\u017eete zarezervovat zde platbou z\u00e1lohy. Kemp Fousek u Sob\u011bslavi \u0158\u00edd\u00edme se cen\u00edkem kempu kter\u00fd naleznete zde.. Cena Ubytov\u00e1n\u00ed v chatk\u00e1ch 1.500 K\u010d \/ noc V dob\u011b po\u0159\u00e1d\u00e1n\u00ed [&hellip;]<\/p>\n","protected":false},"author":1,"featured_media":3585,"parent":0,"menu_order":0,"comment_status":"closed","ping_status":"closed","template":"","meta":{"site-sidebar-layout":"no-sidebar","site-content-layout":"page-builder","ast-site-content-layout":"full-width-container","site-content-style":"default","site-sidebar-style":"default","ast-global-header-display":"","ast-banner-title-visibility":"","ast-main-header-display":"","ast-hfb-above-header-display":"","ast-hfb-below-header-display":"","ast-hfb-mobile-header-display":"","site-post-title":"disabled","ast-breadcrumbs-content":"","ast-featured-img":"disabled","footer-sml-layout":"","ast-disable-related-posts":"","theme-transparent-header-meta":"","adv-header-id-meta":"","stick-header-meta":"","header-above-stick-meta":"","header-main-stick-meta":"","header-below-stick-meta":"","astra-migrate-meta-layouts":"default","ast-page-background-enabled":"default","ast-page-background-meta":{"desktop":{"background-color":"var(--ast-global-color-4)","background-image":"","background-repeat":"repeat","background-position":"center center","background-size":"auto","background-attachment":"scroll","background-type":"","background-media":"","overlay-type":"","overlay-color":"","overlay-opacity":"","overlay-gradient":""},"tablet":{"background-color":"","background-image":"","background-repeat":"repeat","background-position":"center center","background-size":"auto","background-attachment":"scroll","background-type":"","background-media":"","overlay-type":"","overlay-color":"","overlay-opacity":"","overlay-gradient":""},"mobile":{"background-color":"","background-image":"","background-repeat":"repeat","background-position":"center center","background-size":"auto","background-attachment":"scroll","background-type":"","background-media":"","overlay-type":"","overlay-color":"","overlay-opacity":"","overlay-gradient":""}},"ast-content-background-meta":{"desktop":{"background-color":"var(--ast-global-color-5)","background-image":"","background-repeat":"repeat","background-position":"center center","background-size":"auto","background-attachment":"scroll","background-type":"","background-media":"","overlay-type":"","overlay-color":"","overlay-opacity":"","overlay-gradient":""},"tablet":{"background-color":"var(--ast-global-color-5)","background-image":"","background-repeat":"repeat","background-position":"center center","background-size":"auto","background-attachment":"scroll","background-type":"","background-media":"","overlay-type":"","overlay-color":"","overlay-opacity":"","overlay-gradient":""},"mobile":{"background-color":"var(--ast-global-color-5)","background-image":"","background-repeat":"repeat","background-position":"center center","background-size":"auto","background-attachment":"scroll","background-type":"","background-media":"","overlay-type":"","overlay-color":"","overlay-opacity":"","overlay-gradient":""}},"footnotes":""},"class_list":["post-4447","page","type-page","status-publish","has-post-thumbnail","hentry"],"jetpack_sharing_enabled":true,"_links":{"self":[{"href":"https:\/\/fiatfreemont.cz\/index.php\/wp-json\/wp\/v2\/pages\/4447","targetHints":{"allow":["GET"]}}],"collection":[{"href":"https:\/\/fiatfreemont.cz\/index.php\/wp-json\/wp\/v2\/pages"}],"about":[{"href":"https:\/\/fiatfreemont.cz\/index.php\/wp-json\/wp\/v2\/types\/page"}],"author":[{"embeddable":true,"href":"https:\/\/fiatfreemont.cz\/index.php\/wp-json\/wp\/v2\/users\/1"}],"replies":[{"embeddable":true,"href":"https:\/\/fiatfreemont.cz\/index.php\/wp-json\/wp\/v2\/comments?post=4447"}],"version-history":[{"count":45,"href":"https:\/\/fiatfreemont.cz\/index.php\/wp-json\/wp\/v2\/pages\/4447\/revisions"}],"predecessor-version":[{"id":4860,"href":"https:\/\/fiatfreemont.cz\/index.php\/wp-json\/wp\/v2\/pages\/4447\/revisions\/4860"}],"wp:featuredmedia":[{"embeddable":true,"href":"https:\/\/fiatfreemont.cz\/index.php\/wp-json\/wp\/v2\/media\/3585"}],"wp:attachment":[{"href":"https:\/\/fiatfreemont.cz\/index.php\/wp-json\/wp\/v2\/media?parent=4447"}],"curies":[{"name":"wp","href":"https:\/\/api.w.org\/{rel}","templated":true}]}}